34 + 34. Suppose -3*f + 6*f - 21 = l. Is f composite?
False
Let q(l) = -l**3 + 6*l**2 + 5. Let d be q(6). Suppose -d*w + 3 + 2 = 0. Is 2 + w/(-2)*-202 composite?
False
Let d(g) = g**3 - 2*g**2 - 10*g + 11. Let p be d(4). Suppose 2*o + p*x - 759 = -o, 5*o - 1273 = -3*x. Is o prime?
True
Suppose 4*x = -5*d + 17, 23 = 2*d - 3*x + 7. Suppose d*a - 346 = 1699. Is a a composite number?
False
Is 274463/28 + -11 - (-2)/(-8) a prime number?
True
Let b = 145 - -49. Suppose -w = -4*h + h - b, -3*h = -2*w + 388. Is w a prime number?
False
Let u = 325 + -138. Let c = u + -100. Is c prime?
False
Is (-44294)/8*(-6)/3*2 prime?
True
Let q(o) = o**3 + 12*o**2 + 9*o - 7. Let i be q(-11). Suppose d + 5*y + 25 = 0, -5*d + 2*d - 3*y = i. Let h(a) = a**2 + 37. Is h(d) prime?
True
Suppose -2*u = -2*p + 2256, 3*u + 1347 = p + 213. Suppose -q - 189 = 4*d - p, -2*q - 1157 = -5*d. Suppose -d = -2*r + 93. Is r prime?
True
Suppose 0 = -87*o + 83*o + 56908. Is o composite?
True
Let p(k) = 885*k - 31. Is p(10) composite?
False
Suppose 8*n = 4*n + 420. Suppose 0 = 4*k + k - n. Is k composite?
True
Is 2/(6/(-15) - (-92124)/230235) composite?
False
Let i = -9 + 11. Let l be i/16 - 25758/(-16). Is l/12 + 4/(-24) prime?
False
Suppose -h = -2*w - 12 + 3, 5*h - 3*w = 45. Is 1075 - 2 - (h + -9) composite?
True
Let p = 2095 + -1198. Suppose -f + g = -4*g - p, 4369 = 5*f + 4*g. Is f composite?
False
Suppose 0 = -3*y + 25 + 17. Let l be (4/y)/((-9)/(-126)). Suppose -4*k + l*g + 6244 = 0, 3*g - g = 4*k - 6244. Is k composite?
True
Suppose 0 = -5*w - 4*d + 66, 0 = -3*w + 4*d + 10 + 4. Suppose 0*y + w = -2*y, -3*y = -l + 226. Is l a prime number?
True
Let w be 125/(-20) - (-1 + (-3)/(-4)). Is 2/(-3) - 4438/w prime?
True
Let a(w) = 35*w + 18973. Is a(0) a prime number?
True
Suppose 4*n - 19 + 7 = -2*f, 0 = 3*f + 5*n - 16. Let c(p) = 4*p**f - 4 - 1 + p**2 + 2*p + 3*p**2. Is c(10) a composite number?
True
Suppose 4*b = -m + 11, b - 3*m = 2*b. Suppose b*a - a - 3*r = 260, -5*a = 5*r - 675. Is a prime?
False
Let r = 16743 + -2254. Is r composite?
False
Let j = -92 + 94. Suppose j*s - 3498 = 2*n - 124, -2*s + 3374 = -5*n. Is s a composite number?
True
Let t be 1758/(-42) + 2/(-14). Let z = t - -208. Is z prime?
False
Suppose -2*k + 2*o + 16 = 0, -4*o = k - 6*k + 37. Is 11/55 + 8274/k prime?
False
Let q = -987 + 1508. Is q composite?
False
Let u be (-3*((-2)/3 + 2))/(-2). Suppose 4*v + 1515 = u*q + 3*v, 2279 = 3*q + 5*v. Is q a prime number?
False
Let a = 9967 + -6445. Suppose 1433 - a = -3*p + 4*f, -3*f = -4*p + 2797. Is p composite?
True
Is (0 + 1 + -23322)/(-13 + 12) composite?
False
Suppose 4*n - 5*i = -6017, -3*n + 7516 = -8*n + i. Let z = n + 2470. Is z a composite number?
False
Suppose 5*v - 14111 = -2*h, 3578 = h - 2*v - 3491. Is h a composite number?
True
Let t = -247 + 367. Is t + (1 - -1 - 1) composite?
True
Suppose 34 = c - 0*m + m, -4*c = 5*m - 135. Suppose -3 + c = 4*d. Is 556/16*d/2 a prime number?
True
Suppose -3*m = 2*m + s - 14661, -4*m + 11724 = 2*s. Is m composite?
True
Let n = -430 + 681. Is n a composite number?
False
Let j(g) = -g**3 + 13*g**2 + 2*g - 25. Let c be j(13). Let d(x) = 41*x - 4. Is d(c) prime?
True
Suppose 49584 = -20*p + 256444. Is p a composite number?
False
Suppose -3*f + 8*f = 90. Let u = -106 - -106. Suppose 0 = -q + 2*q - l - f, -4*q + 2*l + 82 = u. Is q a prime number?
True
Let l(o) = 6*o**2 - 3*o + 1. Let f be ((-10)/(-8))/((-9)/36). Is l(f) prime?
False
Let u(j) = j**3 - 20*j**2 + 78*j + 72. Is u(37) prime?
False
Let a = 1840 + -549. Is a a composite number?
False
Suppose 4*s + 4*i - 16 = 0, 6*s - 3*s - 3*i = -12. Suppose -4*v + 5959 = 8*u - 3*u, -4*u - 3*v + 4768 = s. Is u composite?
True
Suppose 5*w - 9 = 2*m, 0 = -4*m - w - 2*w + 47. Suppose m = -0*j + 2*j. Let b(y) = 69*y - 2. Is b(j) composite?
True
Let r be (-1)/(1*2/(-4)). Suppose 3*u - 649 = r*s + 3*s, 2*s = u - 215. Is u prime?
True
Let o(j) = 227*j**2 + 9*j - 5. Let k be o(3). Suppose 3*v - k = 422. Is v prime?
True
Let c = 6 - -8. Let m = c - 18. Is -14*m/(-8)*-5 prime?
False
Suppose 0 = -2*g + 5*n + 23063, 5*g - 34084 = 5*n + 23536. Is g prime?
True
Let u = -87 + 158. Suppose 120 = h - u. Is h a prime number?
True
Let m = -37 + 33. Let q(n) = -5*n**3 - n**2 + 3*n - 1. Is q(m) composite?
True
Let u(i) = 34020*i**2 - 56*i + 55. Is u(1) a prime number?
True
Let u = -33 + 27. Is (-5841)/u + 3/6 a prime number?
False
Let n(f) = -6*f + 1. Let z be n(-4). Let l = z - 21. Let g(h) = 136*h - 9. Is g(l) prime?
False
Suppose -4*r - 1176 = -4*h + 7*h, -r - 2*h - 299 = 0. Let k = r + 1581. Is -1*(k/3)/(-2) prime?
False
Suppose -h + 9 = 2*h. Let s(n) = 12*n**2 + n**2 - 6*n**2 - n**h - n - 4*n**2. Is s(-3) a prime number?
False
Let n = 9 - 2. Let c(h) = 3*h**2 + n*h**2 - h - 4*h**2 + 1 + 0*h. Is c(1) composite?
True
Suppose -5*r - 5 = -2*s + 2, 3*s - 2*r = 16. Suppose s*c + 3*c - 3573 = 0. Is c a prime number?
True
Suppose 6*h - 12*h + 26982 = 0. Is h composite?
True
Let c be 9/(-15)*(-1 - 4). Suppose 4*m + 0*m - c*v - 824 = 0, -m = -v - 205. Is m a composite number?
True
Let m(j) = 286*j. Let n be m(4). Suppose 0 = -x - 4*b + 272, 0*b = -4*x - 2*b + n. Let r = -161 + x. Is r prime?
True
Suppose -5*f = 64 - 299. Let x(i) = 4*i + i**2 - 4*i - f + 49. Is x(-7) a composite number?
True
Is (15610/(-3) + -4)*(-15)/10 composite?
True
Suppose 2 = 4*v + 6, -690 = -2*p - 4*v. Let j = -190 + p. Suppose 4*i + 21 = j. Is i a composite number?
True
Suppose 0 = -y - y. Suppose y = -2*u + 11*u - 1827. Is u composite?
True
Let j(w) = 7118*w + 67. Is j(2) a composite number?
False
Suppose d + 2*d = -5*g - 3596, -5*g = d + 3602. Let b = g + 1218. Is b a prime number?
False
Let w = 5 + 6. Suppose -14*v + 6 = -w*v. Is (v - -1142) + (-4 - -1) composite?
True
Suppose -202554 - 41406 = -5*x. Suppose x = 11*u + 18641. Is u prime?
True
Suppose 3*z + 3*h - 11280 = 0, -z - 8*h + 4*h = -3757. Is z a composite number?
False
Suppose -5*v + 0*v + 4*r = -50, 4*v - 40 = 2*r. Suppose v*k - 7*k = 57. Is k composite?
False
Suppose 4*m + u = 152159, -2*u - 163810 = -4*m - 11660. Is m a prime number?
True
Let s(y) = 15*y**3 - 9*y**2 - 7*y + 53. Is s(6) a prime number?
True
Suppose -7*s + 22312 - 6513 = 0. Suppose 605 = -4*t + s. Is t composite?
True
Is (422 - (-1 + 1))*(-190)/(-380) a prime number?
True
Suppose -30*m + 4*m = -168194. Is m composite?
False
Let c(l) = 64*l**3 - 4*l - 4 + 2*l**2 + 6 + 44*l**3. Let o be c(1). Let g = 34 + o. Is g a composite number?
True
Suppose 0 = -2*g - 4*j + 18046, 27078 = 3*g + 7*j - 4*j. Is g a composite number?
False
Let b = 2431 - 1524. Is b prime?
True
Let r(u) be the second derivative of u**7/210 - u**5/60 - u**4/8 + 2*u**3/3 + 3*u. Let k(z) be the second derivative of r(z). Is k(5) prime?
True
Let k(g) = 92*g + 23. Let a(x) = -31*x - 4. Let z(o) = 62*o + 9. Let i(n) = 7*a(n) + 4*z(n). Let j(p) = 11*i(p) - 4*k(p). Is j(-11) prime?
True
Let q be (-10 - -5)/(-5) - 1. Let p(z) = 2*z**2 - 3*z + 2707. Is p(q) prime?
True
Is 8 + 471/((-4)/(-4)) a prime number?
True
Let l(t) be the second derivative of -7*t**3/6 - 14*t**2 - 34*t. Is l(-9) prime?
False
Let j(w) be the first derivative of 133*w**2/2 - 48*w + 35. Is j(14) a composite number?
True
Let i(d) = 2*d - 14. Let p be i(9). Suppose -p*s + 5218 = -2*s. Is s composite?
False
Suppose 3*o + 0*i + 30 = -5*i, -20 = 2*o - 2*i. Is ((-3275)/(-15))/(2 + o/6) a composite number?
True
Let w(v) = v**3 - 22*v**2 + 5. Let x be w(22). Suppose -1979 + 489 = -x*b. Is b a composite number?
True
Let l(o) = o**3 + 3*o**2 - 4*o - 6. Let f be l(-3). Is 141/f - 3/6 composite?
False
Is -5 + 33 + 53481 + -6*1 composite?
False
Is 254 + (2 - (-3 - -2)) a prime number?
True
Suppose -42*n + 6596659 + 2483111 = 0. Is n a composite number?
True
Suppose 6580 = -3*j - 4*j. Let x = -101 - j. Is x composite?
False
Let c = 7 - 2. Suppose -2*i + 3 + c = 0. Suppose 0 = -5*v - u + 412, -245 = -i*v - 3*u + 89. Is v prime?
False
Suppose 6*a - 4*a = -4*n - 14, -a = -4*n - 23. Suppose 18231 - 4624 = a*c + 2*z, -2*c = 3*z - 9073. Is c a composite number?
True
Suppose -4*g + 17*g - 21541 = 0. Is g a prime number?
True
Suppose -22*x + 30*x = 59288. Is x a composite number?
False
Let b(m) = m**2 + 5*m - 9. Let t be b(-5). Let a be ((-419)/(-2))/(t/(-18)). Suppose 4*x - 2191 = -a. Is x composite?
